
False
Is 9511 composite?
False
Is 7483 prime?
False
Is 144151 a composite number?
True
Is 7769 a prime number?
False
Is 59506 a composite number?
True
Is 11463 prime?
False
Is 2270837 prime?
True
Is 43799 prime?
False
Is 1552451 prime?
True
Is 264487 a prime number?
True
Is 519577 a composite number?
False
Is 320581 a prime number?
False
Is 1601 prime?
True
Is 547357 prime?
True
Is 1646 a prime number?
False
Is 3047 prime?
False
Is 28023 a prime number?
False
Is 173131 a prime number?
False
Is 10033 a prime number?
False
Is 1739 a composite number?
True
Is 76421 a composite number?
False
Is 4703 prime?
True
Is 6437 a composite number?
True
Is 395881 prime?
False
Is 1045101 prime?
False
Is 28343 composite?
True
Is 101323 a prime number?
True
Is 73771 prime?
True
Is 33679 a prime number?
True
Is 34781 composite?
False
Is 2073707 a composite number?
False
Is 119869 a composite number?
False
Is 207169 a composite number?
False
Is 22987 prime?
False
Is 171263 composite?
False
Is 352681 a prime number?
False
Is 13751 prime?
True
Is 9094 prime?
False
Is 116681 a composite number?
False
Is 47869 composite?
False
Is 38113 a prime number?
True
Is 9763 composite?
True
Is 31357 a composite number?
False
Is 134807 a prime number?
True
Is 8977 a prime number?
False
Is 83113 a prime number?
False
Is 50357 a composite number?
True
Is 1060907 prime?
False
Is 773133 composite?
True
Is 373753 a composite number?
False
Is 6009 composite?
True
Is 1799 composite?
True
Is 14738 a composite number?
True
Is 12781 prime?
True
Is 4783 a prime number?
True
Is 259 a prime number?
False
Is 19441 a prime number?
True
Is 2843 prime?
True
Is 2500041 composite?
True
Is 3667 composite?
True
Is 212837 a prime number?
True
Is 18607 a composite number?
True
Is 13273 a prime number?
False
Is 5903 composite?
False
Is 2063 composite?
False
Is 222653 prime?
False
Is 13099 composite?
False
Is 206969 a prime number?
False
Is 1710427 prime?
False
Is 47623 a prime number?
True
Is 971 prime?
True
Is 41885 a composite number?
True
Is 30449 a prime number?
True
Is 12781 a prime number?
True
Is 608119 prime?
False
Is 235159 prime?
True
Is 103426 a prime number?
False
Is 2203349 a composite number?
True
Is 994297 a composite number?
False
Is 37763 prime?
False
Is 20143 a prime number?
True
Is 16671 composite?
True
Is 3163 prime?
True
Is 821771 prime?
True
Is 1949 a prime number?
True
Is 178453 prime?
False
Is 1109 a prime number?
True
Is 15683 a composite number?
False
Is 49373 prime?
False
Is 22929 prime?
False
Is 182633 a prime number?
False
Is 16787 composite?
False
Is 111455 prime?
False
Is 71381 a prime number?
False
Is 1014007 a composite number?
False
Is 32707 composite?
False
Is 257627 a composite number?
False
Is 26023 composite?
True
Is 799 a prime number?
False
Is 317435 prime?
False
Is 76649 composite?
False
Is 184241 prime?
True
Is 29047 composite?
True
Is 227015 composite?
True
Is 789 a prime number?
False
Is 209347 prime?
True
Is 22343 a prime number?
True
Is 98521 prime?
False
Is 91717 a prime number?
False
Is 14253 a prime number?
False
Is 271481 a composite number?
True
Is 806929 a composite number?
False
Is 90163 prime?
True
Is 6997 composite?
False
Is 1981189 a composite number?
True
Is 1073333 composite?
True
Is 87007 composite?
True
Is 66683 prime?
True
Is 142739 prime?
False
Is 489 a composite number?
True
Is 4357 composite?
False
Is 41669 prime?
True
Is 748379 prime?
True
Is 2629 a prime number?
False
Is 959 a composite number?
True
Is 234361 a composite number?
False
Is 278543 a prime number?
True
Is 47039 composite?
True
Is 532709 a composite number?
False
Is 2237 a composite number?
False
Is 825329 a prime number?
True
Is 26303 composite?
True
Is 28139 a prime number?
False
Is 5411 a prime number?
False
Is 14437 a composite number?
False
Is 21541 composite?
True
Is 8279 prime?
False
Is 342497 a composite number?
False
Is 246119 a composite number?
False
Is 60861 composite?
True
Is 397 prime?
True
Is 75877 prime?
False
Is 15053 a composite number?
False
Is 1009 prime?
True
Is 486413 composite?
True
Is 2579 a prime number?
True
Is 34631 a prime number?
True
Is 635599 a prime number?
True
Is 3223 a prime number?
False
Is 7841 a composite number?
False
Is 93169 a composite number?
False
Is 378401 composite?
False
Is 674551 a composite number?
False
Is 176641 a composite number?
False
Is 1304887 prime?
True
Is 151073 composite?
True
Is 38821 a composite number?
False
Is 4861 a prime number?
True
Is 111 a prime number?
False
Is 76535 a composite number?
True
Is 2721 composite?
True
Is 423809 a composite number?
True
Is 451897 composite?
False
Is 8285 a composite number?
True
Is 465287 a prime number?
False
Is 2939 composite?
False
Is 19661 prime?
True
Is 41007 a composite number?
True
Is 29599 a composite number?
False
Is 381419 a prime number?
True
Is 2189 composite?
True
Is 442793 prime?
False
Is 104641 prime?
False
Is 30994 prime?
False
Is 18899 a composite number?
False
Is 419429 a composite number?
False
Is 24889 composite?
False
Is 296914 a composite number?
True
Is 10123 composite?
True
Is 43667 a prime number?
False
Is 181535 a prime number?
False
Is 7069 composite?
False
Is 3503 prime?
False
Is 2327 composite?
True
Is 6761 a composite number?
False
Is 13253 a composite number?
True
Is 587 composite?
False
Is 50683 a composite number?
False
Is 161033 a composite number?
False
Is 1058942 a composite number?
True
Is 560389 composite?
True
Is 27257 a prime number?
False
Is 148609 a prime number?
True
Is 4742 a composite number?
True
Is 5921 composite?
True
Is 483179 composite?
False
Is 10299 a prime number?
False
Is 20993 prime?
False
Is 72851 a composite number?
True
Is 30341 composite?
False
Is 14533 a composite number?
False
Is 54507 prime?
False
Is 14017 a composite number?
True
Is 26149 prime?
False
Is 733 a composite number?
False
Is 125371 prime?
True
Is 445681 a prime number?
False
Is 71107 a prime number?
False
Is 300617 a composite number?
True
Is 215737 composite?
False
Is 53129 composite?
False
Is 1073 a composite number?
True
Is 264211 a composite number?
False
Is 683119 prime?
True
Is 56657 a composite number?
True
Is 105443 composite?
True
Is 736781 prime?
False
Is 936557 composite?
False
Is 186437 composite?
False
Is 36221 composite?
True
Is 793927 a composite number?
False
Is 92741 a prime number?
False
Is 62809 composite?
True
Is 101399 composite?
False
Is 16495 composite?
True
Is 235759 a prime number?
False
Is 48911 composite?
True
Is 34631 a prime number?
True
Is 133769 prime?
True
Is 78049 prime?
True
Is 6803 a composite number?
False
Is 8923 a prime number?
True
Is 347801 composite?
False
Is 7121 prime?
True
Is 175073 a prime number?
False
Is 67451 composite?
True
Is 43853 composite?
False
Is 18013 prime?
True
Is 274481 a prime number?
False
Is 1326737 a composite number?
True
Is 154949 a prime number?
False
Is 1503611 a prime number?
True
Is 1465 a composite number?
True
Is 2761 a prime number?
False
Is 24359 prime?
True
Is 551 a prime number?
False
Is 45481 composite?
False
Is 18743 prime?
True
Is 293429 composite?
True
Is 7061 prime?
False
Is 16637 a composite number?
True
Is 622133 a prime number?
True
Is 3415 composite?
True
Is 106579 composite?
True
Is 1486159 prime?
False
Is 4861 a prime number?
True
Is 1123589 prime?
True
Is 4083 composite?
True
Is 723443 a prime number?
False
Is 638303 a composite number?
False
Is 485753 a composite number?
False
Is 48133 a composite number?
True
Is 1671 composite?
True
Is 1799 composite?
True
Is 43961 a composite number?
False
Is 831563 composite?
True
Is 240395 a prime number?
False
Is 262763 a prime number?
False
Is 53809 a composite number?
True
Is 8263 prime?
True
Is 3719 prime?
True
Is 136231 a prime number?
False
Is 3865 prime?
False
Is 338113 prime?
False
Is 1270591 a composite number?
True
Is 89 prime?
True
Is 5989 a composite number?
True
Is 59467 prime?
True
Is 11099 a composite number?
True
Is 7289 a composite number?
True
Is 119809 a composite number?
False
Is 2573 a prime number?
False
Is 46327 a prime number?
True
Is 2533 composite?
True
Is 1413749 a composite number?
False
Is 3831 prime?
False
Is 3967 prime?
True
Is 20593 prime?
True
Is 24239 prime?
True
Is 12931 composite?
True
Is